 common divisor of w and 126?
18
Suppose 3*a - 3*u - u = -9, 5*u = -15. Let g be (-63)/18*20/a. Let q = 109 - g. What is the highest common factor of q and 9?
9
Suppose 328 - 262 = 2*p. What is the greatest common factor of p and 88?
11
Suppose 5*y + 3*k - 1221 = 0, 4*y - 4*k = 5*y - 251. What is the highest common factor of 1 and y?
1
Suppose 4*d + 195 = -d. Let k = d - -42. Suppose -2*s + c + 11 = -0*c, 3*c = -s - 12. What is the highest common factor of k and s?
3
Suppose -48*r - 135 = -63*r. What is the greatest common divisor of r and 18?
9
Let l(b) = -5*b + 57. Let c be l(-4). Calculate the highest common divisor of 385 and c.
77
Suppose -5*f = w - 20, 4*w - 2 = 2*f - 10. Let b(y) = 2*y**3 + 35*y**2 - 17*y + 22. Let u be b(-18). What is the highest common divisor of u and f?
4
Let c be (-1074)/(-24) + 6/(-8). Calculate the highest common factor of c and 572.
44
Let a(i) = 15*i**2 - 2*i + 2. Let m be a(-3). Calculate the greatest common factor of m and 66.
11
Suppose 464*d - 487*d + 345 = 0. Calculate the highest common divisor of d and 90.
15
Suppose 5*f + 1855 = n, 2*n - n = -3*f + 1839. Calculate the greatest common factor of 45 and n.
45
Let y be 2625/245 - (-2)/7. What is the highest common factor of 143 and y?
11
Suppose o + 9*o + 220 = 0. Let b be o + 20 + (-42)/(-2). Calculate the highest common factor of b and 171.
19
Let t be 9/(2/6 + (-82)/369). What is the greatest common factor of t and 54?
27
Let n = -9 - -28. Calculate the greatest common divisor of 2 and n.
1
Let i(d) = -d + 4. Let s be i(3). Let w(l) = -l**3 - l + 2. Let j be w(0). Let u be (j - 8)/(6/(-3)). What is the highest common divisor of s and u?
1
Suppose 0 = 4*i + 306 - 790. Let c = i - 70. Suppose -5*a - 49 = -x, 0*a + 19 = x + 5*a. What is the highest common factor of c and x?
17
Let a = -100 + 172. Suppose 0 = 4*x - x - a. Let p be (-1788)/(-30) + 4/10. Calculate the greatest common factor of p and x.
12
Suppose -6*a - 5545 = -5*y - 11*a, 5*y - 5537 = -a. Calculate the greatest common factor of y and 54.
27
Suppose 0 = 4*u + 20 + 44. Let o be (16 - 2)*(u/28)/(-2). What is the greatest common factor of o and 2?
2
Let q = -129 - -143. What is the greatest common divisor of q and 182?
14
Suppose -237 = -3*i - 3*q, 10*q = 8*q - 2. Calculate the greatest common factor of 360 and i.
40
Let r be (2*4/(-40))/((-3)/495). What is the greatest common divisor of 825 and r?
33
Let o(c) = -c**2 + 4*c - 12. Let v be o(10). Let h be ((-96)/v)/(4/6). What is the highest common factor of h and 16?
2
Let m be 1/3 + 53/3. Let c be ((-8)/4 + -176)*(-3)/6. Let h = 91 + c. Calculate the highest common divisor of h and m.
18
Let w be ((-276)/12)/23 - 8/(-2). Let h(p) = 2*p - 9. Let v be h(6). What is the greatest common factor of w and v?
3
Suppose t + 82 = 3*u + 5*t, 5*u + 5*t - 130 = 0. Calculate the greatest common divisor of 77 and u.
11
Suppose -4516 = 23*o - 12336. Calculate the highest common factor of o and 136.
68
Suppose 18*a - 14*a - 20 = 0. Let t be 4/(-8) - (-101)/2. What is the highest common divisor of t and a?
5
Let d(p) = -86*p + 48. Let b be d(0). Calculate the greatest common factor of 416 and b.
16
Suppose -4*y + 7*y + 1482 = 0. Let b = -269 - y. Calculate the highest common factor of 45 and b.
45
Let t(l) = -l**3 + 10*l**2 - 9*l + 10. Let g be t(9). Let p be -10*(-1)/3*3. Calculate the greatest common factor of p and g.
10
Let x be 6/10 + -1 + (-424)/(-10). Suppose 180 = -x*k + 47*k. Let s be (-54)/((0 - 0) + -1). What is the highest common factor of k and s?
18
Suppose 3*t + 7 = 100. Let q = t + -19. Let z be 5/5 + -4 - -5*3. Calculate the highest common divisor of q and z.
12
Suppose -2*d - 3 = -5*d. Let p be 3*(-1)/(3/(-153)*d). What is the greatest common divisor of 17 and p?
17
Let j = 87 + -47. Suppose 4*o - 68 = -20. Let h = -4 + o. What is the highest common divisor of h and j?
8
Suppose -4*x - 5 = s, 2*s + 135 = -3*s + 2*x. Suppose -2*l - f = -72, -2*l - 4*f + 36 = -l. Let d = s + l. What is the highest common divisor of 11 and d?
11
Let i be (-48)/(24/(-3)) + 34. What is the greatest common factor of 16 and i?
8
Let p be (180/35)/9*(20 + 1). What is the highest common factor of 636 and p?
12
Suppose 12*q - 10*q - 154 = 0. Let g be q - 12 - (-1 - -2). Calculate the greatest common divisor of 16 and g.
16
Suppose 3*j = 4*b - 20, -2*j = 8*b - 4*b - 40. Calculate the greatest common divisor of b and 1504.
8
Let j(f) = 12*f**2 + f + 2. Let u be j(2). Suppose k - 3*k - u = 0. Let d = 44 + k. Calculate the highest common divisor of d and 45.
9
Let d be 2488/12 + (-10)/(-15). Calculate the highest common factor of d and 16.
16
Let i = -391 - -981. Suppose -5*w + 70 - 1504 = 4*o, 5*w = 5*o + 1770. Let k = o + i. What is the greatest common divisor of k and 26?
26
Suppose -5*m - 5*h + 100 = 0, 5*h = 11*m - 6*m - 50. Calculate the greatest common divisor of 495 and m.
15
Let r = 103 - -14. What is the greatest common divisor of 156 and r?
39
Let g = -51 - -61. Calculate the highest common divisor of 140 and g.
10
Let v be 0*((-3)/(-2))/3. Suppose 3*b - 15 = v, 2*b = -3*y + b + 38. Let m be 112/10 + 8/(-40). Calculate the highest common divisor of y and m.
11
Suppose 6*u - 2*n - 22 = 2*u, u = -3*n + 9. What is the greatest common divisor of u and 426?
6
Suppose 0 = u - 9 - 1. Calculate the highest common factor of 130 and u.
10
Suppose 0 = -3*b - 5*u + 812, 21*b + 536 = 23*b + 2*u. Calculate the highest common divisor of 72 and b.
24
Let b = 4 - -48. Calculate the greatest common divisor of 4 and b.
4
Let h be (29*1)/((-101)/(-1616)). What is the greatest common factor of 145 and h?
29
Let m = -1930 - -1966. Calculate the greatest common divisor of m and 192.
12
Let r = -58 + 278. Suppose -7*q + 88 = -3*q. Calculate the highest common divisor of q and r.
22
Let b be 1 + 1374 + 18/(-6). What is the greatest common divisor of 28 and b?
28
Let k be (1/1)/((-2)/(-1016)). Let j be k/6 - (-18)/(-27). What is the highest common factor of 56 and j?
28
Suppose 16*i - 17*i = 5*z + 8, z = -4. Calculate the greatest common factor of i and 32.
4
Suppose 3*g - 2*y = 9, -3*g = -y - 5 - 1. What is the greatest common factor of 43 and g?
1
Let m(d) = -8*d + 28. Let g(k) = k - 3. Let t(z) = 28*g(z) + 3*m(z). Let j be t(6). Calculate the highest common factor of 12 and j.
12
Suppose -3*i - 103 + 751 = 0. Calculate the highest common divisor of 6 and i.
6
Let p be 1582/6 + (-1)/(-3). Suppose 5*u + 65 = -5*y, -3 = -y + 4*u - 1. Let x be 8/20 - 236/y. Calculate the greatest common factor of x and p.
24
Let w be 51/15*(62 - -3). Calculate the greatest common divisor of w and 272.
17
Suppose -7*b + 525 = -217. Calculate the highest common divisor of b and 159.
53
Suppose 5*c = 3*x - 15, 2*c = x + 3*c - 13. Let w = 18 - 12. Suppose -n - l = -w - 3, 5*n = -2*l + 48. Calculate the highest common factor of n and x.
10
Let g be 1 + -1 + (-14)/(-2). Let p be (20 + 1)/(-3) - (-18 + -52). Calculate the highest common divisor of g and p.
7
Suppose 5*k - 12*k - 749 = 0. Let c = k + 146. What is the highest common factor of c and 117?
39
Suppose 8*f = 5*f + 2*j + 668, 3*j + 218 = f. What is the greatest common factor of f and 42?
14
Let j be 7/14*-4 + (-4812)/(-6). What is the highest common factor of 32 and j?
32
Let m(k) be the second derivative of -k**5/20 - 3*k**4/4 - k**3/3 - 7*k**2/2 + 13*k. Let t be m(-9). Calculate the greatest common factor of t and 99.
11
Suppose 2*t - 80 = -2*t. Suppose 5*u - 34 = -174. Let j be (-8)/28 - 4488/u. What is the greatest common divisor of j and t?
20
Suppose -21 = -5*h + 2*c, -4*c + 1 = 13. Let p be -4 + 6 + 10*h. Let m = -16 + p. Calculate the greatest common factor of m and 176.
16
Let n(p) = -p**2 - 20*p + 44. Let r be n(-19). Suppose 4*b - 11 = 25. Calculate the highest common divisor of r and b.
9
Suppose -29 = -4*x - 1. Suppose -u = -5*l - 20, 5*l + 14 = 4*u - 6. Suppose u*p = 5*p - 245. What is the greatest common divisor of x and p?
7
Let t(h) = 3*h - 18. Let c be t(7). Suppose -c*l - 4*b - 345 = -1047, -2*b = -6. What is the greatest common divisor of 46 and l?
46
Let g be 93/2*8*3/36. Calculate the greatest common divisor of 341 and g.
31
Let p(x) = -x**2 + 11*x - 22. Let b be p(8). Let y(f) = 103*f**2 - 6*f + 7. Let w be y(b). What is the gre